 8. Let i be j(5). Suppose -2086 = -i*x + 5*x. Is x prime?
False
Let a(q) = -4*q**3. Let z be a(1). Let j(h) = -125*h + 9. Is j(z) prime?
True
Let i be ((-20)/(-6))/(3/9). Let z be i/(-5) + 506 + 2. Suppose -4*x + 759 = 2*v + v, -2*v + 5*x = -z. Is v composite?
True
Let i(c) = 7607*c**3 + c**2 - c. Let o be i(1). Suppose l + 2*f = -0*l + 1899, -4*l + o = -3*f. Is l prime?
True
Suppose -3*n = 2*t - 441 - 174, -597 = -2*t + 3*n. Suppose k + 5*l = l + t, 0 = k - 3*l - 275. Is k composite?
True
Suppose -5*u - 51298 = -5*m - 283288, -46402 = -u - 3*m. Is u composite?
False
Let h(r) = 2*r + 20. Let i be h(0). Let a = i + -21. Is -4 + (42 - 4) + a composite?
True
Suppose -3*w = -2*w - 55. Is w a composite number?
True
Is ((-134516)/(-14) - 2/7) + 1 composite?
True
Let v = 200031 - 127034. Is v a prime number?
True
Suppose 3*q + 3 = -4*t, -2*q - 5 = t + 3*q. Suppose -3*u + 12 = t, 2*a - 2*u = -3*a + 1487. Is a a composite number?
True
Suppose 50*g - 52*g - 2 = 0. Is g/(12669/(-6333) + 2) a composite number?
False
Let l be (-54213)/(-34) + 2/4. Suppose -12 = 4*x, 6*x - 10*x = -d + l. Is d a composite number?
False
Let k(i) = 26*i**2 - 9*i + 5. Let d be k(6). Suppose x + 3 = -3*n - 0, -4*n - 3*x = 9. Suppose n = 5*m + 4*o - d, 722 = 4*m - 4*o + o. Is m prime?
True
Suppose -5*r - 10 = -2*s + 4*s, -4*s + r + 2 = 0. Suppose s = t - 313 + 18. Is t a prime number?
False
Let t = 137177 - 73228. Is t prime?
True
Let t(q) = q**2 + 10*q + 11. Let v = -4 + -5. Let m be t(v). Suppose -149 = m*i - 3*i. Is i a prime number?
True
Suppose u - 5*u + 64 = 0. Suppose l = -u + 53. Is l a prime number?
True
Let y(l) be the second derivative of -l**5/4 - l**4/2 + l**3/3 - 3*l**2 + 6*l. Let p(r) = -r**3 - r**2 + r - 1. Let w(m) = -4*p(m) + y(m). Is w(-5) prime?
True
Let j = -99 - -101. Let k(m) = 15*m**3 - 2*m - 1. Is k(j) composite?
True
Suppose t = 3*t + 4680. Is (-2)/(-10) - t/50 prime?
True
Let b(q) = -9*q + 48. Let y be b(5). Is ((-2)/y)/((-12)/(-18)) - -2610 a composite number?
False
Is 2/(2/(-38803)*-1) a prime number?
True
Let j = 9650 - 5577. Is j composite?
False
Let s(o) = -7*o**2 - 3*o - 2. Let a be s(-1). Let c be a*153/(-6) + 1. Suppose -2*k + c = -72. Is k a prime number?
True
Let u(h) = -29*h**2 - 14*h + 14. Let o(v) = -175*v**2 - 84*v + 84. Let p(f) = -6*o(f) + 35*u(f). Is p(9) composite?
True
Suppose 0 = 6*r - r. Let p(k) = -k + 1461. Let b be p(r). Suppose 0*n + 3*n - b = 0. Is n a prime number?
True
Suppose 2*p + 5*g - 1401 = 0, g = p - 4*g - 693. Let v = p + -157. Is v a composite number?
False
Suppose -2*m + r = -228, -181 - 265 = -4*m - 3*r. Is m composite?
False
Let o = -17 + 19. Let d(k) = -6*k - 13*k - 229*k**2 - 2 + 228*k**o. Is d(-8) a prime number?
False
Let i(h) = -16*h**3 - 2*h. Let r be i(-2). Suppose 15*p - 19*p = -r. Is ((-11)/p)/((-1)/201) a prime number?
True
Let s(i) be the first derivative of -i**2/2 - i + 1. Let x be s(-5). Suppose 0 = -x*l - 12, 2*c - 6*l = -2*l + 238. Is c a composite number?
False
Let j(m) = -m + 3. Let t be j(9). Let c(g) = -4*g**3 - 3*g**2 - 3*g + 7. Is c(t) a composite number?
True
Suppose -5*f - 12 = -22. Suppose -f*b + 0*b = -382. Is b prime?
True
Suppose -128*g = -132*g + 2*k + 37838, -3*g - 3*k + 28392 = 0. Is g composite?
False
Suppose 0 = -3*s + 2*w + 2553, -5*s = -0*s + w - 4268. Is s a prime number?
True
Suppose 12*k - 16*k = 2580. Suppose -q - 3*g = 251, 2*g - 231 = q + g. Let c = q - k. Is c a prime number?
True
Let a = 4161 + -98. Is a composite?
True
Let t(x) = -x**3 + x**2 + x. Let p be t(0). Let q(l) = 5*l - 2 + 5 + p*l - l. Is q(5) prime?
True
Let f be 14/4 - 3/6. Suppose -2*z + 5320 = -f*c - 0*c, 0 = 3*z - 4*c - 7979. Is z prime?
True
Let u(f) = 5*f**2 - 2*f - 95. Is u(-16) a prime number?
True
Let i(h) be the second derivative of 21*h**5/10 - h**3/6 + h**2/2 + 3*h. Is i(2) a prime number?
False
Let o be ((-34)/6)/((-21)/(-2331)). Let z = 1770 + o. Is z a composite number?
True
Is 116559/54 + 6/(-4) prime?
False
Suppose -2*j = 3*i + 502, -846 = 3*i + 4*j - 340. Let v = i - -677. Is 12/(-8) + v/2 composite?
True
Let n(d) = 66*d**2 + 60*d + 115. Is n(-2) a prime number?
False
Let h = -2928 - -9323. Is h composite?
True
Let t(d) = -d**3 + 10*d**2 + 11*d + 11. Let m be t(10). Let q = m + -15. Is q composite?
True
Let h(n) = 11*n**2 - 2*n - 5. Let w be h(3). Suppose 2*q - 798 + w = 0. Is q a prime number?
False
Let g = 11 - 8. Suppose -2*q + 150 = 2*s + g*s, -s = 3*q - 212. Suppose 27 = 5*m + z - 164, -2*m = 2*z - q. Is m prime?
False
Let g(a) = -27*a**3 + 22*a**3 + 0*a**2 + 2*a - 5*a**2 + 5. Is g(-4) a prime number?
False
Suppose 10 + 14 = -12*x. Let m be (-1)/2 - 5/2. Is (19 + x)/((-1)/m) prime?
False
Let a(v) = -3*v**2 - 5*v + 19523. Is a(0) prime?
False
Is 4/6*6636/56 a prime number?
True
Suppose 0 = -5*s - b + 61068 + 44434, -9 = 3*b. Is s a composite number?
False
Let m(o) = 23*o**2 - 4*o - 4. Let d(q) = 3*q + 12. Let g be d(-7). Is m(g) a prime number?
False
Let d(p) = 105*p**3 + 4*p**2 - 3*p + 2. Let n be d(2). Is (1 + n)/(1 + 0) composite?
False
Let f(t) = 3*t**2 - 26*t + 20. Let r be f(8). Suppose r*l - 3427 = 10305. Is l prime?
True
Let g(h) = -h**3 - 5*h**2 - 8*h - 8. Let c be g(-4). Is 2172/c - (1 - -1)/4 a prime number?
True
Let n = 1409 - -11582. Is n a prime number?
False
Let u(s) = -s**3 - 3*s**2 + 2*s - 3. Let v(x) = -2*x**3 - 5*x**2 + 4*x - 5. Let j(t) = 7*u(t) - 4*v(t). Let n be j(2). Let c = n - -15. Is c prime?
False
Suppose -f = t - 43, -3*f - 3*t - 2*t = -119. Let j(p) = -35*p + 9 + 66*p - f*p. Is j(-8) a composite number?
True
Let t(v) be the third derivative of -v**6/60 - v**5/12 - v**4/12 - 7*v**3/6 + 20*v**2. Is t(-4) prime?
False
Let x(o) = o**2 + 8*o - 7. Let w be x(-9). Let v be (9 + 1)/(-5 + 7). Suppose -w*f + 3*f = 3*q + 92, 4*q = v*f - 449. Is f a composite number?
False
Let f(z) = -z**3 + 2*z**2 + z + 8. Let v be f(-9). Let w = 454 - v. Let m = 927 + w. Is m a composite number?
False
Suppose 0 = -7*g + 8766 + 8419. Suppose 25*o = 30*o - g. Is o a prime number?
True
Let l be (-1)/((-4)/128*-4). Let d(h) be the second derivative of -h**4/6 - 19*h**3/6 - 5*h**2/2 + 4*h. Is d(l) composite?
False
Suppose r - 9 = 4*c, 2*c + 18 = -c + 3*r. Let n(a) = -2845*a + 1. Is n(c) a composite number?
True
Let p be 32*(-2 + 1 + 3). Suppose 0 = -3*d + p + 38. Is d composite?
True
Let a(m) = -24*m + 23. Let t = 55 - 59. Is a(t) a prime number?
False
Is (-214126)/(-38) - 12 - (-4)/38 prime?
True
Let a = -12 + 8. Is (2286/12)/((-3)/a) a prime number?
False
Suppose 5*h - 1854 + 384 = 0. Suppose w - 48 - 58 = -3*g, 3*w - h = -g. Is w a prime number?
True
Is (22863/12)/(15/60) a composite number?
False
Let m = 330 + -271. Is m composite?
False
Let d(l) = -l**3 + 12*l**2 + 21*l - 1. Let u = 140 + -130. Is d(u) composite?
False
Suppose -s + 7435 = 4*g, s + 7439 = 2*s + 3*g. Is s a composite number?
False
Let k = -1469 + 98620. Is k prime?
True
Let d(i) be the second derivative of -7*i**3/2 - i**2/2 - 20*i. Is d(-12) composite?
False
Suppose 6*x = x + 10. Suppose -x*o + 1638 = -0*o. Suppose 5*f - o = 1786. Is f prime?
True
Suppose 7*h + 1803 = 10*h. Suppose 3*r - h = 3*y + 1673, -6 = -2*y. Is r a prime number?
True
Let v be 6/4*(-286)/(-39). Suppose 0 = 4*m - 7 + v. Is (m - 91)*(-10)/8 composite?
True
Suppose -718970 = -103*o + 89*o. Is o prime?
False
Suppose 76*x = 70*x + 225444. Is x prime?
False
Let h(b) = -84*b - 13. Let q be h(-6). Let u = q + -254. Suppose 3*z - f = u, 0 = -3*f - f. Is z composite?
False
Let o(r) = r**3 - 4*r**2 + 2*r + 7. Let i be o(3). Suppose 3*x + 5330 = 6*t - t, -i*t = -2*x - 4266. Is t prime?
True
Let j be 34/10 + (-4)/10. Suppose l = -h + 459, j*l - 3*h = 5*l - 922. Suppose l = 6*a - a. Is a prime?
False
Suppose -4*j + 30 = -2. Suppose 5*m = j*m - 291. Is m composite?
False
Suppose 1567 = 5*i - 3*y + 557, 3*i - 4*y = 606. Suppose -8*q = -i - 814. Is q composite?
False
Let c = 1403 - 981. Let r = -1448 + c. Let q = -541 - r. Is q a prime number?
False
Let l(h) = 3 - 38*h + 67*h + 5. Suppose 0 = -f + 5 + 2. Is l(f) composite?
False
Let m(p) = 8*p**3 - 17*p**2 + 35*p - 15. Is m(16) a composite number?
False
Suppose 345 = 3*i - 105. Suppose -3*u + 63 + i = 0. Is u prime?
True
Let l = 13358 - 7579. Is l composite?
False
Let p = 263 - -6626. Is p composite?
True
Let a